Convert -1077245 (base 11) to base 12.
-76a0b4
Convert -23103501 (base 7) to base 16.
-1ecb43
Convert 12221210212 (base 3) to base 16.
1c9ee
What is 10011100000100100101 (base 2) in base 5?
130424034
4387052 (base 9) to base 16
2404e5
Convert 814435 (base 11) to base 2.
100111111100011011111
-106003 (base 9) to base 7
-352626
Convert -915297 (base 10) to base 5.
-213242142
What is -27386 (base 11) in base 6?
-500452
What is -6258706 (base 9) in base 4?
-30300320202
Convert -e3d28 (base 15) to base 12.
-2a9892
-14890a (base 12) to base 3
-122121212101
-2447711 (base 8) to base 7
-5513135
13211443 (base 5) to base 3
20201020110
Convert -12010111020102 (base 3) to base 6.
-134231532
-25578 (base 14) to base 15
-1c243
What is 10000010100010 (base 2) in base 5?
231404
-b2da (base 14) to base 16
-7830
Convert -1223130201 (base 4) to base 13.
-125418
What is -228174 (base 9) in base 2?
-100001011111110000
Convert -1d9c1 (base 15) to base 12.
-47b6a
What is 11378882 (base 10) in base 4?
223122003002
1025415400 (base 6) to base 13
234a467
1454404 (base 7) to base 8
603466
What is -3130320012 (base 4) in base 5?
-212422320
-11222112210 (base 3) to base 7
-555651
Convert -101010010111000 (base 2) to base 16.
-54b8
-3131331 (base 4) to base 2
-11011101111101
Convert -14104110 (base 5) to base 8.
-431630
3a917 (base 14) to base 13
509b4
-2202230 (base 8) to base 12
-246020
What is -3965978 (base 10) in base 11?
-2269775
What is -110110101010001011 (base 2) in base 8?
-665213
What is 18c2b7 (base 15) in base 7?
13150366
What is -15163 (base 14) in base 11?
-36424
Convert 91c6e1 (base 16) to base 8.
44343341
180b9b0 (base 14) to base 16
b508a6
What is 324442222 (base 5) in base 16?
1573f1
What is -19de23 (base 15) in base 3?
-2101010012220
What is b9d24 (base 14) in base 6?
13350352
What is -1001001101100101000101 (base 2) in base 14?
-46c101
Convert -1020001200222 (base 3) to base 10.
-650780
Convert -7525207 (base 10) to base 15.
-9d9a57
Convert -40709c (base 13) to base 5.
-341010210
Convert -1378894 (base 11) to base 8.
-11022630
Convert 291dc (base 14) to base 4.
120320132
Convert 1b89c (base 16) to base 10.
112796
Convert -2a115 (base 15) to base 16.
-2104d
Convert 56237 (base 8) to base 3.
1012112012
What is -171630 (base 13) in base 9?
-1065020
1553033 (base 13) to base 5
3222121322
What is 87b17 (base 12) in base 10?
179587
Convert 503430212 (base 6) to base 4.
200231003000
What is 643c8 (base 15) in base 6?
10452425
Convert 846463 (base 10) to base 11.
528a62
-10566 (base 15) to base 8
-145206
-781986 (base 12) to base 2
-111010010100000110110
Convert -1001010111110011 (base 2) to base 16.
-95f3
Convert c17b6 (base 13) to base 6.
11231021
What is 2414040 (base 5) in base 12?
21b93
112210212112000 (base 3) to base 7
123620352
What is -10506150 (base 7) in base 14?
-199760
What is 288298 (base 14) in base 13?
3a293b
Convert 2637a3 (base 15) to base 9.
3405230
Convert -104421101 (base 5) to base 9.
-781567
Convert -26ef3 (base 16) to base 14.
-42191
What is -31200230 (base 4) in base 15?
-115e5
Convert 1000101101100000010 (base 2) to base 4.
1011230002
10306662 (base 7) to base 3
1122112010210
What is -112932 (base 11) in base 9?
-303170
-23135330 (base 6) to base 8
-2560006
What is 8214 (base 16) in base 9?
50610
Convert 63b799 (base 13) to base 14.
44c537
What is -2201243130 (base 5) in base 11?
-2729460
Convert -2031130211 (base 4) to base 15.
-b69e5
Convert 6465318 (base 9) to base 8.
15165521
Convert 54d641 (base 16) to base 4.
111031121001
Convert -a634 (base 16) to base 15.
-c918
39fd6a (base 16) to base 9
7132175
What is -11264b (base 13) in base 10?
-405325
-11200221101012 (base 3) to base 13
-69634a
-11341 (base 7) to base 13
-1438
Convert 10001011000000011 (base 2) to base 14.
1bd19
What is -26158 (base 9) in base 14?
-65d4
-1002001012122 (base 3) to base 10
-571688
Convert -2017b6 (base 13) to base 2.
-10110110001010000011
What is -1db76 (base 15) in base 11?
-66a40
Convert 1684747 (base 13) to base 16.
6f489d
Convert -24065615 (base 7) to base 11.
-122842a
3a87f2 (base 16) to base 2
1110101000011111110010
Convert -3e582 (base 15) to base 6.
-4143352
What is 1516743 (base 8) in base 14?
b405d
Convert 100023300201 (base 4) to base 6.
230533013
What is -100111011010101000 (base 2) in base 14?
-42ba0
-9761bb (base 15) to base 7
-115164443
What is -3254214 (base 6) in base 16?
-27c82
4666107 (base 9) to base 7
30311161
Convert -101111222201 (base 3) to base 4.
-302202310
Convert 577ba (base 16) to base 13.
c713b
-1000100101000100100010 (base 2) to base 15
-2e657e
279405 (base 10) to base 5
32420110
-10288500 (base 9) to base 14
-93170c
Convert -1281828 (base 9) to base 8.
-2535706
2724417 (base 9) to base 10
1492603
212010202111001 (base 3) to base 7
206344450
133033031 (base 4) to base 11
88148
Convert 467023 (base 8) to base 7.
1232201
Convert -2a944 (base 15) to base 13.
-4a524
Convert -10000100100100100 (base 2) to base 6.
-1242124
Convert 131113012 (base 4) to base 13.
4297c
Convert 31303 (base 13) to base 9.
144221
What is -4221041 (base 5) in base 10?
-70146
Convert 343144003 (base 5) to base 15.
2057bd
2200101001 (base 3) to base 2
1100111000010111
-ba302 (base 12) to base 4
-330000302
Convert -1300030003 (base 4) to base 8.
-1601403
What is -321120323 (base 4) in base 2?
-111001011000111011
119657 (base 13) to base 11
2680a7
Convert -131420 (base 11) to base 6.
-4233243
41000022 (base 5) to base 16
501c9
Convert 31077 (base 8) to base 9.
18572
Convert 220409a (base 11) to base 10.
3870657
3d71b0 (base 14) to base 4
20020213112
Convert -6615210 (base 10) to base 14.
-c42b10
What is -133202003 (base 4) in base 16?
-1f883
-1242103304 (base 5) to base 10
-3081704
Convert 1d7adc8 (base 14) to base 10.
14820324
6734111 (base 8) to base 5
431113044
-21113051 (base 6) to base 7
-5144506
Convert -34680 (base 12) to base 3.
-10120010120
Convert -65859 (base 14) to base 12.
-ba347
Convert -5ac13d (base 16) to base 4.
-112230010331
What is 515360 (base 8) in base 11?
107305
Convert 26156ca (base 13) to base 4.
231132222312
What is -50880 (base 10) in base 5?
-3112010
What is -1121121210 (base 3) in base 2?
-111110000111000
-105622235 (base 7) to base 14
-c0208c
20cca (base 16) to base 8
406312
Convert 20010202211 (base 3) to base 6.
2331251
What is -11221440 (base 5) in base 13?
-37274
740379 (base 11) to base 6
41232242
-281437 (base 9) to base 2
-101001111010011001
-7704a (base 11) to base 14
-2ca9c
4956345 (base 10) to base 12
17b0309
What is 4101031 (base 5) in base 9?
110183
Convert 16a88a0 (base 14) to base 4.
222211222030
-2121231130 (base 4) to base 14
-125632
-24e9a2 (base 15) to base 12
-714845
517a4 (base 16) to base 4
1101132210
Convert 4cb20 (base 16) to base 11.
1a5026
376402 (base 10) to base 11
237884
2834920 (base 12) to base 15
a8a279
2135378 (base 9) to base 14
21b6a9
What is 413045 (base 7) in base 15?
15e2b
What is -672477 (base 8) in base 6?
-4505103
Convert -aa45 (base 12) to base 5.
-1100043
What is 373472 (base 8) in base 15?
28286
-23414 (base 8) to base 16
-270c
111010011111001010010 (base 2) to base 16
1d3e52
Convert 3332303212 (base 4) to base 5.
231344221
-221213021 (base 4) to base 9
-278718
Convert 19c89ac (base 14) to base 9.
26162434
Convert 7b0b38 (base 15) to base 7.
100636235
4b899 (base 13) to base 2
100010001001110001
-1000100011000010010000 (base 2) to base 10
-2240656
Convert 554782 (base 9) to base 8.
1207527
-b455a (base 12) to base 2
-111001100100010110
Convert 1032534 (base 6) to base 8.
143752
Convert 2745594 (base 13) to base 9.
25256543
-429a157 (base 12) to base 10
-12645715
-1440000 (base 8) to base 16
-64000
What is 2452157 (base 9) in base 6?
44325254
What is 44b447 (base 14) in base 4?
20322103313
Convert 315837 (base 9) to base 3.
100112221021
-50425401 (base 6) to base 14
-294b57
What is -144280 (base 9) in base 4?
-111211323
What is 19d02 (base 15) in base 2?
10100011111010111
What is -51402151 (base 6) in base 7?
-15363601
What is -110303232 (base 4) in base 7?
-503325
62251536 (base 8) to base 15
1259553
What is -2272063 (base 9) in base 7?
-13304256
-33323401 (base 5) to base 6
-10133251
1231164 (base 7) to base 16
26cb8
What is 968529 (base 16) in base 6?
551232533
f8b40 (base 16) t